{"id":621,"date":"2025-10-05T15:37:51","date_gmt":"2025-10-05T18:37:51","guid":{"rendered":"https:\/\/infosfera.inf.br\/infosfera2025\/?page_id=621"},"modified":"2025-10-14T16:07:09","modified_gmt":"2025-10-14T19:07:09","slug":"sessao-6-inovacao-em-servicos-digitais","status":"publish","type":"page","link":"https:\/\/infosfera.inf.br\/infosfera2025\/sessao-6-inovacao-em-servicos-digitais\/","title":{"rendered":"Sess\u00e3o 6 &#8211; Inova\u00e7\u00e3o em Servi\u00e7os Digitais"},"content":{"rendered":"\n<p><strong>20\/10\/2025 \u2022 14h \u00e0s 15h30<\/strong><br><strong>Local:<\/strong> Sala 112<br><strong>Media\u00e7\u00e3o: <\/strong>Andrea Torres Barros Batinga de Mendon\u00e7a (UFPR)<\/p>\n\n\n\n<hr class=\"wp-block-separator has-alpha-channel-opacity\"\/>\n\n\n\n<h3 class=\"wp-block-heading mb-1\">Plataforma \u00c1gora: Transforma\u00e7\u00e3o Digital e Ci\u00eancia Aberta na Interface entre Cidadania e Servi\u00e7os P\u00fablicos<\/h3>\n\n\n\n<p><strong>Autoria:<\/strong> Wagner de Jesus Martins, Marcelo Souza de Jesus, Jacqueline Rico Coque, Luiz Jupiter Carneiro de Souza, Cl\u00e1udia de Souza Ferreira Martins\n<br><strong>Afilia\u00e7\u00e3o:<\/strong> Funda\u00e7\u00e3o Oswaldo Cruz<\/p>\n\n\n\n<hr class=\"wp-block-separator has-alpha-channel-opacity\"\/>\n\n\n\n<h3 class=\"wp-block-heading mb-1\">A ESPIRAL DE ECOSSISTEMAS DA INOVA\u00c7\u00c3O: AVAN\u00c7OS TE\u00d3RICOS, DESAFIOS PR\u00c1TICOS E IMPLICA\u00c7\u00d5ES PARA A ADMINISTRA\u00c7\u00c3O P\u00daBLICA<\/h3>\n\n\n\n<p><strong>Autoria:<\/strong> Jo\u00e3o Pedro de Lima Oliveira, Thiago Gomes Nascimento, Henny Kamilla Ramos de Lima\n<br><strong>Afilia\u00e7\u00e3o:<\/strong> Universidade de Bras\u00edlia &#8211; UnB<\/p>\n\n\n\n<hr class=\"wp-block-separator has-alpha-channel-opacity\"\/>\n\n\n\n<h3 class=\"wp-block-heading mb-1\">Maturidade de Governo Digital no Setor P\u00fablico: Revis\u00e3o Sistem\u00e1tica de Literatura e Agenda de Pesquisa<\/h3>\n\n\n\n<p><strong>Autoria:<\/strong> Igor Outeiral da Silva, Carlos Andr\u00e9 de Melo Alves\n<br><strong>Afilia\u00e7\u00e3o:<\/strong> Universidade de Bras\u00edlia (UnB)<\/p>\n\n\n\n<hr class=\"wp-block-separator has-alpha-channel-opacity\"\/>\n\n\n\n<h3 class=\"wp-block-heading mb-1\">CINCONECTE: Rede Colaborativa de Ci\u00eancias Comportamentais para Inova\u00e7\u00e3o em Pol\u00edticas P\u00fablicas no Brasil<\/h3>\n\n\n\n<p><strong>Autoria:<\/strong> Adriana Sbicca, Eduardo D&#8217;Albergaria Freitas, Fl\u00e1via \u00c1vila\n<br><strong>Afilia\u00e7\u00e3o:<\/strong> Adriana Sbicca &#8211; Professora Associada na Universidade Federal do Paran\u00e1, Colaboradora master da Rede CINCONECTE; Eduardo D&#8217;Albergaria Freitas &#8211; Gestor da Rede CINCONECTE pela CINCO\/MGI; Fl\u00e1via \u00c1vila &#8211; CEO do InBehavior Lab e da InBehavior Academy, Colaboradora master da CINCONECTE e Professora do MBA em Economia Comportamental da ESPM<\/p>\n\n\n\n<hr class=\"wp-block-separator has-alpha-channel-opacity\"\/>\n\n\n\n<ul class=\"wp-block-navigation\">\n\t<li><a href=\"https:\/\/infosfera.inf.br\/infosfera2025\/sessao-5-inteligencia-artificial-na-gestao-publica\/\"><strong>Sess\u00e3o 5<\/strong> Intelig\u00eancia Artificial na Gest\u00e3o P\u00fablica<\/a><\/li>\n\t<li><a href=\"https:\/\/infosfera.inf.br\/infosfera2025\/sessao-7-metodos-e-ferramentas-de-gestao\/\"><strong>Sess\u00e3o 7<\/strong> M\u00e9todos e Ferramentas de Gest\u00e3o<\/a><\/li>\n<\/ul>\n","protected":false},"excerpt":{"rendered":"<p>20\/10\/2025 \u2022 14h \u00e0s 15h30Local: Sala 112Media\u00e7\u00e3o: Andrea Torres Barros Batinga de Mendon\u00e7a (UFPR) Plataforma \u00c1gora: Transforma\u00e7\u00e3o Digital e Ci\u00eancia Aberta na Interface entre Cidadania e Servi\u00e7os P\u00fablicos Autoria: Wagner de Jesus Martins, Marcelo Souza de Jesus, Jacqueline Rico Coque, Luiz Jupiter Carneiro de Souza, Cl\u00e1udia de Souza Ferreira Martins Afilia\u00e7\u00e3o: Funda\u00e7\u00e3o Oswaldo Cruz A &hellip; <a href=\"https:\/\/infosfera.inf.br\/infosfera2025\/sessao-6-inovacao-em-servicos-digitais\/\" class=\"more-link\">Continue reading<span class=\"screen-reader-text\"> &#8220;Sess\u00e3o 6 &#8211; Inova\u00e7\u00e3o em Servi\u00e7os Digitais&#8221;<\/span><\/a><\/p>\n","protected":false},"author":1,"featured_media":0,"parent":0,"menu_order":0,"comment_status":"closed","ping_status":"closed","template":"","meta":{"_acf_changed":false,"footnotes":""},"class_list":["post-621","page","type-page","status-publish","hentry"],"acf":[],"_links":{"self":[{"href":"https:\/\/infosfera.inf.br\/infosfera2025\/wp-json\/wp\/v2\/pages\/621","targetHints":{"allow":["GET"]}}],"collection":[{"href":"https:\/\/infosfera.inf.br\/infosfera2025\/wp-json\/wp\/v2\/pages"}],"about":[{"href":"https:\/\/infosfera.inf.br\/infosfera2025\/wp-json\/wp\/v2\/types\/page"}],"author":[{"embeddable":true,"href":"https:\/\/infosfera.inf.br\/infosfera2025\/wp-json\/wp\/v2\/users\/1"}],"replies":[{"embeddable":true,"href":"https:\/\/infosfera.inf.br\/infosfera2025\/wp-json\/wp\/v2\/comments?post=621"}],"version-history":[{"count":4,"href":"https:\/\/infosfera.inf.br\/infosfera2025\/wp-json\/wp\/v2\/pages\/621\/revisions"}],"predecessor-version":[{"id":764,"href":"https:\/\/infosfera.inf.br\/infosfera2025\/wp-json\/wp\/v2\/pages\/621\/revisions\/764"}],"wp:attachment":[{"href":"https:\/\/infosfera.inf.br\/infosfera2025\/wp-json\/wp\/v2\/media?parent=621"}],"curies":[{"name":"wp","href":"https:\/\/api.w.org\/{rel}","templated":true}]}}