{"id":624,"date":"2025-10-05T15:39:42","date_gmt":"2025-10-05T18:39:42","guid":{"rendered":"https:\/\/infosfera.inf.br\/infosfera2025\/?page_id=624"},"modified":"2025-10-14T22:10:31","modified_gmt":"2025-10-15T01:10:31","slug":"sessao-9-gestao-do-conhecimento-i","status":"publish","type":"page","link":"https:\/\/infosfera.inf.br\/infosfera2025\/sessao-9-gestao-do-conhecimento-i\/","title":{"rendered":"Sess\u00e3o 9 &#8211; Gest\u00e3o do Conhecimento I"},"content":{"rendered":"\n<p><strong>21\/10\/2025 \u2022 8h00 \u00e0s 9h30<\/strong><br><strong>Local:<\/strong> Sala 112<br><strong>Media\u00e7\u00e3o: <strong>Mariana Rodrigues Gomes de Mello<\/strong><\/strong> (UFPR)<\/p>\n\n\n\n<hr class=\"wp-block-separator has-alpha-channel-opacity\"\/>\n\n\n\n<h3 class=\"wp-block-heading mb-1\">Tesauro Jur\u00eddico e Gest\u00e3o da Informa\u00e7\u00e3o: Experi\u00eancia da Biblioteca da Procuradoria-Geral do Estado do Paran\u00e1.<\/h3>\n\n\n\n<p><strong>Autoria:<\/strong> Patr\u00edcia Souza Santos de Rezende, Daiana Ellen Canato, Paula Carina de Ara\u00fajo\n<br><strong>Afilia\u00e7\u00e3o:<\/strong> Universidade Federal do Paran\u00e1 \/ Instituto Federal do Paran\u00e1.<\/p>\n\n\n\n<hr class=\"wp-block-separator has-alpha-channel-opacity\"\/>\n\n\n\n<h3 class=\"wp-block-heading mb-1\">APRENDIZAGEM, INOVA\u00c7\u00c3O FORMATIVA E GEST\u00c3O DA INFORMA\u00c7\u00c3O P\u00daBLICA: A CONTRIBUI\u00c7\u00c3O DA GERAR NA FORMA\u00c7\u00c3O DE JOVENS<\/h3>\n\n\n\n<p><strong>Autoria:<\/strong> Liziane Hobmeir\n<br><strong>Afilia\u00e7\u00e3o:<\/strong> GERAR, UNIBF, ALPHAVILLE<\/p>\n\n\n\n<hr class=\"wp-block-separator has-alpha-channel-opacity\"\/>\n\n\n\n<h3 class=\"wp-block-heading mb-1\">A ESPIRAL DO CONHECIMENTO NO SERVI\u00c7O P\u00daBLICO: UM RELATO DE EXPERI\u00caNCIA DO PROGRAMA DE EDUCA\u00c7\u00c3O CONTINUADA DE USU\u00c1RIOS (PROEDUC) DA UFPR<\/h3>\n\n\n\n<p><strong>Autoria:<\/strong> Rodrigo Felizardo, Thays Luciana Barbosa de Farias\n<br><strong>Afilia\u00e7\u00e3o:<\/strong> UNIVERSIDADE FEDERAL DO PARAN\u00c1<\/p>\n\n\n\n<hr class=\"wp-block-separator has-alpha-channel-opacity\"\/>\n\n\n\n<h3 class=\"wp-block-heading mb-1\">Pol\u00edtica de Representa\u00e7\u00e3o Tem\u00e1tica da Informa\u00e7\u00e3o: padroniza\u00e7\u00e3o dos processos de indexa\u00e7\u00e3o no SiBi\/UFPR<\/h3>\n\n\n\n<p><strong>Autoria:<\/strong> Lucimar de Oliveira, Luciano Heitor Gallegos Marin\n<br><strong>Afilia\u00e7\u00e3o:<\/strong> Universidade Federal do Paran\u00e1<\/p>\n\n\n\n<hr class=\"wp-block-separator has-alpha-channel-opacity\"\/>\n\n\n\n<ul class=\"wp-block-navigation\">\n\t<li><a href=\"https:\/\/infosfera.inf.br\/infosfera2025\/sessao-8-gestao-no-poder-judiciario\/\"><strong>Sess\u00e3o 8<\/strong> Gest\u00e3o no Poder Judici\u00e1rio<\/a><\/li>\n\t<li><a href=\"https:\/\/infosfera.inf.br\/infosfera2025\/sessao-10-infosfera-e-sociedade-digital\/\"><strong>Sess\u00e3o 10<\/strong> Infosfera e Sociedade Digital<\/a><\/li>\n<\/ul>\n","protected":false},"excerpt":{"rendered":"<p>21\/10\/2025 \u2022 8h00 \u00e0s 9h30Local: Sala 112Media\u00e7\u00e3o: Mariana Rodrigues Gomes de Mello (UFPR) Tesauro Jur\u00eddico e Gest\u00e3o da Informa\u00e7\u00e3o: Experi\u00eancia da Biblioteca da Procuradoria-Geral do Estado do Paran\u00e1. Autoria: Patr\u00edcia Souza Santos de Rezende, Daiana Ellen Canato, Paula Carina de Ara\u00fajo Afilia\u00e7\u00e3o: Universidade Federal do Paran\u00e1 \/ Instituto Federal do Paran\u00e1. APRENDIZAGEM, INOVA\u00c7\u00c3O FORMATIVA E &hellip; <a href=\"https:\/\/infosfera.inf.br\/infosfera2025\/sessao-9-gestao-do-conhecimento-i\/\" class=\"more-link\">Continue reading<span class=\"screen-reader-text\"> &#8220;Sess\u00e3o 9 &#8211; Gest\u00e3o do Conhecimento I&#8221;<\/span><\/a><\/p>\n","protected":false},"author":1,"featured_media":0,"parent":0,"menu_order":0,"comment_status":"closed","ping_status":"closed","template":"","meta":{"_acf_changed":false,"footnotes":""},"class_list":["post-624","page","type-page","status-publish","hentry"],"acf":[],"_links":{"self":[{"href":"https:\/\/infosfera.inf.br\/infosfera2025\/wp-json\/wp\/v2\/pages\/624","targetHints":{"allow":["GET"]}}],"collection":[{"href":"https:\/\/infosfera.inf.br\/infosfera2025\/wp-json\/wp\/v2\/pages"}],"about":[{"href":"https:\/\/infosfera.inf.br\/infosfera2025\/wp-json\/wp\/v2\/types\/page"}],"author":[{"embeddable":true,"href":"https:\/\/infosfera.inf.br\/infosfera2025\/wp-json\/wp\/v2\/users\/1"}],"replies":[{"embeddable":true,"href":"https:\/\/infosfera.inf.br\/infosfera2025\/wp-json\/wp\/v2\/comments?post=624"}],"version-history":[{"count":4,"href":"https:\/\/infosfera.inf.br\/infosfera2025\/wp-json\/wp\/v2\/pages\/624\/revisions"}],"predecessor-version":[{"id":771,"href":"https:\/\/infosfera.inf.br\/infosfera2025\/wp-json\/wp\/v2\/pages\/624\/revisions\/771"}],"wp:attachment":[{"href":"https:\/\/infosfera.inf.br\/infosfera2025\/wp-json\/wp\/v2\/media?parent=624"}],"curies":[{"name":"wp","href":"https:\/\/api.w.org\/{rel}","templated":true}]}}