{"id":794,"date":"2025-10-16T19:05:03","date_gmt":"2025-10-16T22:05:03","guid":{"rendered":"https:\/\/infosfera.inf.br\/infosfera2025\/?page_id=794"},"modified":"2025-10-16T19:05:03","modified_gmt":"2025-10-16T22:05:03","slug":"jantar-de-integracao-por-adesao","status":"publish","type":"page","link":"https:\/\/infosfera.inf.br\/infosfera2025\/jantar-de-integracao-por-adesao\/","title":{"rendered":"Jantar de Integra\u00e7\u00e3o (por ades\u00e3o)"},"content":{"rendered":"\n<p>Vamos encerrar o primeiro dia de Infosfera 2025 em um momento descontra\u00eddo de socializa\u00e7\u00e3o e troca de ideias! Participe do Jantar de Integra\u00e7\u00e3o por ades\u00e3o no dia 20 de outubro, a partir das 19h30. \u00c9 a oportunidade perfeita para fortalecer la\u00e7os e fazer networking em um ambiente informal. Fa\u00e7a seu <strong>registro pr\u00e9vio<\/strong>.<\/p>\n\n\n\n<div style=\"height:25px\" aria-hidden=\"true\" class=\"wp-block-spacer\"><\/div>\n\n\n\n<div class=\"wp-block-buttons is-layout-flex wp-block-buttons-is-layout-flex\">\n<div class=\"wp-block-button\"><a class=\"wp-block-button__link wp-element-button\" href=\"https:\/\/forms.gle\/GtjfpgFbRr29C6PE7\">Registre-se aqui<\/a><\/div>\n<\/div>\n\n\n\n<div style=\"height:25px\" aria-hidden=\"true\" class=\"wp-block-spacer\"><\/div>\n\n\n\n<p><strong>Quando:<\/strong> 20 de outubro, a partir das 19h30<\/p>\n\n\n\n<p><strong>Onde:<\/strong> <a href=\"https:\/\/salebrasa.com.br\/curitiba\/\">Restaurante Sal e Brasa<\/a>, Curitiba.<\/p>\n\n\n\n<iframe src=\"https:\/\/www.google.com\/maps\/embed?pb=!1m18!1m12!1m3!1d3602.119653008383!2d-49.23678985282415!3d-25.46767977662539!2m3!1f0!2f0!3f0!3m2!1i1024!2i768!4f13.1!3m3!1m2!1s0x94dce58812de03fb%3A0x5d69df1e3c1f1a28!2sSal%20e%20Brasa%20Curitiba!5e0!3m2!1spt-BR!2sbr!4v1760637710568!5m2!1spt-BR!2sbr\" width=\"600\" height=\"450\" style=\"border:0;\" allowfullscreen=\"\" loading=\"lazy\" referrerpolicy=\"no-referrer-when-downgrade\"><\/iframe>\n\n\n\n<h2 class=\"wp-block-heading\"><strong>Condi\u00e7\u00f5es gerais do jantar de integra\u00e7\u00e3o (por ades\u00e3o<\/strong>)<\/h2>\n\n\n\n<h3 class=\"wp-block-heading\">1. Valor e Pagamento<\/h3>\n\n\n\n<figure class=\"wp-block-table\"><table class=\"has-fixed-layout\"><tbody><tr><th>Item<\/th><th>Condi\u00e7\u00e3o<\/th><th>Valor<\/th><\/tr><tr><td><strong>Jantar (Rod\u00edzio e Buffet)<\/strong><\/td><td>Valor integral por pessoa (a partir de 11 anos)<\/td><td>R$ 74,31<\/td><\/tr><tr><td><strong>Bebidas e Sobremesas<\/strong><\/td><td>Cobran\u00e7a \u00e0 parte, conforme consumo.<\/td><td>Vari\u00e1vel<\/td><\/tr><\/tbody><\/table><\/figure>\n\n\n\n<p><strong>Forma de Pagamento:<\/strong> O pagamento total deve ser realizado <strong>diretamente ao Restaurante Sal e Brasa<\/strong> no local.<\/p>\n\n\n\n<p><strong>Meios de Pagamento Aceitos:<\/strong><\/p>\n\n\n\n<ul class=\"wp-block-list\">\n<li><strong>Cart\u00f5es:<\/strong> Cart\u00e3o de D\u00e9bito, Cart\u00e3o de Cr\u00e9dito (Bandeiras: Visa, Mastercard, Amex, Elo, Hiper, American Express).<\/li>\n\n\n\n<li><strong>Vouchers\/Refei\u00e7\u00e3o:<\/strong> ALELO, VR (Vale-Refei\u00e7\u00e3o), SODEXO (PUXE), TICKET.<\/li>\n\n\n\n<li><strong>Outros:<\/strong> Pagamento via PIX.<\/li>\n<\/ul>\n\n\n\n<h3 class=\"wp-block-heading\">2. Pol\u00edtica de Pre\u00e7os para Crian\u00e7as<\/h3>\n\n\n\n<p>A pol\u00edtica de pre\u00e7os \u00e9 aplicada conforme a faixa et\u00e1ria da crian\u00e7a:<\/p>\n\n\n\n<ul class=\"wp-block-list\">\n<li><strong>0 a 5 anos:<\/strong> Isentas de pagamento.<\/li>\n\n\n\n<li><strong>6 a 10 anos:<\/strong> Pagam 60% do valor do Rod\u00edzio.<\/li>\n\n\n\n<li><strong>A partir de 11 anos:<\/strong> Pagam o valor integral do Rod\u00edzio (R$ 74,31).<\/li>\n<\/ul>\n\n\n\n<h3 class=\"wp-block-heading\">3. Composi\u00e7\u00e3o do Rod\u00edzio e Buffet (Inclusos no Valor)<\/h3>\n\n\n\n<p>Acesso ao completo Rod\u00edzio e Buffet, que comp\u00f5em:<\/p>\n\n\n\n<figure class=\"wp-block-table\"><table class=\"has-fixed-layout\"><tbody><tr><th>Categoria<\/th><th>Descri\u00e7\u00e3o<\/th><\/tr><tr><td><strong>Carnes Nobres (Mais de 25 tipos)<\/strong><\/td><td>Inclui picanha, costela bovina, cupim, paleta de carneiro, leit\u00e3o \u00e0 pururuca, carne de sol, fil\u00e9 com queijo. Destaque especial para os cortes da Parrilla Argentina.<\/td><\/tr><tr><td><strong>Buffet de Pratos Quentes<\/strong><\/td><td>Arroz, feij\u00e3o, macarr\u00e3o, camar\u00e3o ao bafo, legumes, lasanhas, pur\u00ea, entre outros.<\/td><\/tr><tr><td><strong>Buffet de Saladas Variadas<\/strong><\/td><td>Saladas verdes, diversos molhos, gr\u00e3os, maionese, salpic\u00e3o, entre outros.<\/td><\/tr><tr><td><strong>Esta\u00e7\u00e3o de P\u00e3es e Queijos<\/strong><\/td><td>Variedade de p\u00e3es e queijos.<\/td><\/tr><tr><td><strong>Esta\u00e7\u00e3o de Sushi<\/strong><\/td><td>Inclui uramaki, niguiri, hot roll e outros sushis vari\u00e1veis.<\/td><\/tr><tr><td><strong>Esta\u00e7\u00e3o de Massas<\/strong><\/td><td>Op\u00e7\u00e3o de 6 tipos de molhos, 6 tipos de massas e acompanhamentos (como tomate, milho, bacon, calabresa, cheiro verde) preparados na hora.<\/td><\/tr><\/tbody><\/table><\/figure>\n\n\n\n<p><strong>Exclus\u00e3o:<\/strong> Sobremesas e Bebidas n\u00e3o est\u00e3o inclusas no valor do rod\u00edzio e s\u00e3o cobradas separadamente.<\/p>\n\n\n\n<h3 class=\"wp-block-heading\">4. Deslocamento at\u00e9 o local<\/h3>\n\n\n\n<p>Informamos que o deslocamento (ida e volta) at\u00e9 o Restaurante Sal e Brasa \u00e9 de responsabilidade individual de cada participante. Incentivamos fortemente o compartilhamento de transporte e solu\u00e7\u00f5es de carona entre os participantes para facilitar a locomo\u00e7\u00e3o e otimizar custos.<\/p>\n\n\n\n<ul class=\"wp-block-list\">\n<li>Dist\u00e2ncia aproximada (menor trajeto): 4km<\/li>\n\n\n\n<li>Tempo de deslocamento (autom\u00f3vel): 7 a 10 minutos<\/li>\n<\/ul>\n","protected":false},"excerpt":{"rendered":"<p>Vamos encerrar o primeiro dia de Infosfera 2025 em um momento descontra\u00eddo de socializa\u00e7\u00e3o e troca de ideias! Participe do Jantar de Integra\u00e7\u00e3o por ades\u00e3o no dia 20 de outubro, a partir das 19h30. \u00c9 a oportunidade perfeita para fortalecer la\u00e7os e fazer networking em um ambiente informal. Fa\u00e7a seu registro pr\u00e9vio. Quando: 20 de &hellip; <a href=\"https:\/\/infosfera.inf.br\/infosfera2025\/jantar-de-integracao-por-adesao\/\" class=\"more-link\">Continue reading<span class=\"screen-reader-text\"> &#8220;Jantar de Integra\u00e7\u00e3o (por ades\u00e3o)&#8221;<\/span><\/a><\/p>\n","protected":false},"author":6,"featured_media":0,"parent":0,"menu_order":0,"comment_status":"closed","ping_status":"closed","template":"","meta":{"_acf_changed":false,"footnotes":""},"class_list":["post-794","page","type-page","status-publish","hentry"],"acf":[],"_links":{"self":[{"href":"https:\/\/infosfera.inf.br\/infosfera2025\/wp-json\/wp\/v2\/pages\/794","targetHints":{"allow":["GET"]}}],"collection":[{"href":"https:\/\/infosfera.inf.br\/infosfera2025\/wp-json\/wp\/v2\/pages"}],"about":[{"href":"https:\/\/infosfera.inf.br\/infosfera2025\/wp-json\/wp\/v2\/types\/page"}],"author":[{"embeddable":true,"href":"https:\/\/infosfera.inf.br\/infosfera2025\/wp-json\/wp\/v2\/users\/6"}],"replies":[{"embeddable":true,"href":"https:\/\/infosfera.inf.br\/infosfera2025\/wp-json\/wp\/v2\/comments?post=794"}],"version-history":[{"count":1,"href":"https:\/\/infosfera.inf.br\/infosfera2025\/wp-json\/wp\/v2\/pages\/794\/revisions"}],"predecessor-version":[{"id":797,"href":"https:\/\/infosfera.inf.br\/infosfera2025\/wp-json\/wp\/v2\/pages\/794\/revisions\/797"}],"wp:attachment":[{"href":"https:\/\/infosfera.inf.br\/infosfera2025\/wp-json\/wp\/v2\/media?parent=794"}],"curies":[{"name":"wp","href":"https:\/\/api.w.org\/{rel}","templated":true}]}}